is divided by 4/24 + 596/24?
22
Suppose 14*o = 17*o - 57. What is the remainder when 75 is divided by o?
18
Let h(r) = r**3 - 6*r**2 + 6*r + 1. Let d be h(5). Let t(n) = 6*n + 7. What is the remainder when t(d) is divided by 11?
10
Suppose 27*q - 31*q = -56. What is the remainder when 82 is divided by q?
12
Let d(o) be the second derivative of o**5/8 + o**3/6 + 3*o. Let c(b) be the second derivative of d(b). What is the remainder when c(1) is divided by 6?
3
What is the remainder when (4/(-8))/(3/(-636)*2) is divided by 14?
11
Let d(o) = o**2 - 3*o - 2. What is the remainder when d(7) is divided by 7?
5
Suppose 4*b - b - s = 9, 0 = 3*b + 4*s + 6. Suppose b*l + l = 12. What is the remainder when l is divided by 2?
0
Calculate the remainder when 20 is divided by (-1 - -3)*-57*4/(-24).
1
Let l(h) = h**2 - 2*h - 3. Let i(k) = -2 - 7 + 3 + k. What is the remainder when l(4) is divided by i(9)?
2
Let u = -38 + 65. What is the remainder when u is divided by 15?
12
Suppose y + 2*f - 3 = 34, 5 = -5*f. What is the remainder when 154 is divided by y?
37
Let g = -3 - -9. Calculate the remainder when g is divided by 2.
0
Let h(i) = 15*i + 1. Let g be h(1). Let q = 33 - g. Suppose -3 = -l + 6. Calculate the remainder when q is divided by l.
8
Let t = -434 - -439. Suppose 0 = -4*x + 1 + 7. What is the remainder when t is divided by x?
1
Let l(m) = -5*m + 4. Let a be l(3). Calculate the remainder when (-486)/a - (-4)/(-22) is divided by 23.
21
Suppose 0 = -3*p + 3 + 12. Suppose p*f = f + 3*r + 78, -3*r + 84 = 5*f. What is the remainder when f is divided by 10?
8
Let p(i) = -2*i**3 - 5*i**2 - 3*i - 2. Calculate the remainder when p(-3) is divided by 14.
2
Suppose -12*z + 146 = -11*z. What is the remainder when z is divided by 38?
32
Suppose 0 = -3*v - 4*d + 34, d - 2 + 4 = 0. Calculate the remainder when 41 is divided by v.
13
Suppose -23 = -8*w + 33. Calculate the remainder when 47 is divided by w.
5
Let q(p) = 2*p**2 - p**2 + 6*p + 9 - 3*p. What is the remainder when 24 is divided by q(-4)?
11
Let l = 5 + -5. Suppose 3*q = 12, l = 4*y + 5*q - 2*q - 164. What is the remainder when y is divided by 13?
12
Let j(v) = v - 5. Let z(x) = -x**2 - 5*x. Let d be z(-3). Let n be j(d). Let t = 4 - n. Calculate the remainder when 7 is divided by t.
1
Let h = -10 - -16. What is the remainder when 20 is divided by h?
2
Let n(h) = 13*h - 44. What is the remainder when 119 is divided by n(8)?
59
Let b(k) = 17*k - 66. Calculate the remainder when b(5) is divided by 11.
8
Let r(f) = -f**2 + 11*f + 8. Calculate the remainder when 22 is divided by r(11).
6
Suppose -17*f + 42 = -10*f. Suppose -2*s + 5*b + 19 = 0, -8*s - 3*b = -3*s - 1. What is the remainder when f is divided by s?
0
Let u = -6 + 16. Let v be ((-5)/(-1))/(12/12). Suppose -v*t + 72 = -t. What is the remainder when t is divided by u?
8
Suppose 4*y + o = 16 + 41, 5*o = 5. Suppose 10*i - y*i = -168. Calculate the remainder when i is divided by 15.
12
Let u be 2/8 + 133/28. Suppose u*z - 22 = -7. Calculate the remainder when 3 is divided by z.
0
Let v = 7 + 14. Let c(q) = 12*q**3 - 2*q + 1. Let m be 0 - 2 - (-2 - 1). What is the remainder when v is divided by c(m)?
10
Suppose 0 = -2*b - z + 26, -5*b + z + 20 = -45. What is the remainder when (-207)/(-6)*2/3 is divided by b?
10
Let q be -1 - (-3)/(-6)*4. Let t(d) = d**3 + 2*d**2 - 4*d + 1. Let o be t(q). What is the remainder when 26 is divided by (-2 + o)/((-6)/(-21))?
5
Suppose 3*k + a - 124 = 0, 6*a - a = 4*k - 159. What is the remainder when k is divided by 21?
20
Let j(c) be the first derivative of -c**3/3 - 13*c**2/2 + 16*c - 3. Let p(z) = -z**3 + 6*z**2 + z + 7. Calculate the remainder when j(-11) is divided by p(6).
12
Suppose 226 + 66 = 4*z. Let i = 2 - -23. What is the remainder when z is divided by i?
23
Let l(o) = o**2 - 2*o - 1. Let u be l(3). Suppose 6 = 2*j - u. Suppose 3*q - j = -1. Calculate the remainder when q is divided by 1.
0
Suppose -2*r + m = 3 + 12, -r - 5*m = 35. Let z(v) = -v**2 - 9*v + 12. Let o be z(r). Calculate the remainder when 6 is divided by -2 - (o*-4 + 2).
2
Suppose 18 + 8 = x. Let z(f) = -f**3 - 5*f**2 - 8*f - 8. Calculate the remainder when z(-6) is divided by x.
24
Let h(x) = -x**2 - 5*x - 1. Let g = -7 - -10. Calculate the remainder when h(-3) is divided by g.
2
Let o(c) = 3*c - 10. Let u be o(5). Suppose z - 13 = -4. Let q = z - u. Calculate the remainder when 9 is divided by q.
1
Suppose 4 = -5*m + 84. Suppose m = s - 3. Suppose 3*j - 4*z - 257 = -85, 0 = -3*j - 4*z + 164. Calculate the remainder when j is divided by s.
18
Suppose 4*v - 148 = 4*m, -3*m + 0*m + 134 = 4*v. What is the remainder when v is divided by 9?
8
Suppose -4*l - 32 = -6*i + 2*i, 5*i - 20 = -5*l. Suppose 2*y = -d + 380, -d + i*d = -10. Suppose -5*x + y = 21. What is the remainder when x is divided by 9?
7
Let t = 24 - 12. Calculate the remainder when 35 is divided by t.
11
Suppose -3*u + 4*u = 0, 2*p = -3*u + 200. Calculate the remainder when p is divided by 17.
15
Let b(r) be the second derivative of 3/2*r**2 + r + 1/6*r**4 + 0 + 2/3*r**3. What is the remainder when 4 is divided by b(-2)?
1
Suppose -31*b + 12*b = -247. What is the remainder when b is divided by (-4)/(-6)*3 + 3?
3
Suppose 2*r - r = 51. Let s = -29 + r. What is the remainder when s is divided by 12?
10
What is the remainder when (2 + -1)*350/10 is divided by 12?
11
Suppose -4 = -z + 3*z, -5*z + 77 = 3*g. What is the remainder when g is divided by 15?
14
Let o(q) = 2*q + 5. Let k(r) = r**2 + 4*r - 2. Let z be k(-4). Calculate the remainder when o(7) is divided by (-7)/((1 - 0) + z).
5
Calculate the remainder when 68 - (-3 - (-1 - 2)) is divided by 24.
20
Suppose -67*x - 65 = -72*x. What is the remainder when 38 is divided by x?
12
Suppose 0*z - 465 = -5*z. What is the remainder when z is divided by 24?
21
Suppose -3*f + 9 = 3. Suppose f*q - 62 = -4*d, -7*q + 103 = -2*q - 3*d. What is the remainder when q is divided by 12?
11
Let p = 10 + -7. Suppose -34 = -3*m - 2*z, p*m + z = 4*z + 54. What is the remainder when 27 is divided by m?
13
Suppose -7*t + 13*t - 18 = 0. Let h(b) = b - 1. Calculate the remainder when h(7) is divided by t.
0
Let g(b) = b + 19. Calculate the remainder when 32 is divided by g(-8).
10
Suppose -30 = -5*j + 4*x, -2*j + 3*x = -0*x - 5. Suppose -2*t = t - 75. Let v = 43 - t. What is the remainder when v is divided by j?
8
Let l(h) = -2*h - 9. Let p be l(-7). Suppose -3*o + 8 = -p*x, o - 3*x + 18 = 3*o. Let i = 52 - 36. What is the remainder when i is divided by o?
4
Let t(p) be the first derivative of -p**3/3 + p**2/2 + 11*p - 6. What is the remainder when 19 is divided by t(0)?
8
Suppose 9*b + 73 = 262. What is the remainder when b is divided by 5?
1
Let n(t) = -3*t - 20. Calculate the remainder when n(-15) is divided by 13.
12
Let f(r) = 7*r - 13. What is the remainder when 57 is divided by f(4)?
12
Suppose 0 = -s - 0*s + 20. Let f(o) = o**3 + o**2 - 2. Let a be f(-2). Let p = s + a. What is the remainder when p is divided by 8?
6
Suppose x - 30 = -7. Let b = 48 - x. Let l = -5 + 19. Calculate the remainder when b is divided by l.
11
Suppose 4*a - 83 = -3*p, 19 = -2*p - 5*a + 72. Calculate the remainder when (-11 - -44)*(-5)/(-3) is divided by p.
26
What is the remainder when 2583/35 - (-2)/10 is divided by 19?
17
Suppose -d = 5*y + 5, 2*d - y + 2*y = 17. Suppose 0 = -3*o + 4*m - 3, -12 = -2*o - 2*m - 0. What is the remainder when d is divided by o?
1
Suppose 2*u - 19 = 71. What is the remainder when 133 is divided by u?
43
Suppose 2*p = -0*p + 8. Let i(w) = -w**2 - 4*w + 155. Calculate the remainder when i(-14) is divided by p.
3
Calculate the remainder when 63 is divided by 15 + (1*(1 + -2))/(-1).
15
Let a = 8 + 14. Let o(z) = 18*z + 80. Calculate the remainder when a is divided by o(-4).
6
Let a = 1 - -12. Calculate the remainder when a is divided by 5.
3
Let o(n) be the second derivative of -n**5/20 - n**4/3 + n**3 + 3*n**2 + 3*n. What is the remainder when 3 is divided by o(-5)?
0
Let l = -48 + 53. Calculate the remainder when 22 is divided by l.
2
Calculate the remainder when 238 is divided by (-897)/(-15) - (-2)/10.
58
Suppose -2*g + 6*g = -40. Let b = 11 + g. Suppose -4 = -p - j, -b = -3*p - 5*j + 5. What is the remainder when p is divided by 2?
1
Suppose -6*